{"id":391,"date":"2024-11-08T23:33:06","date_gmt":"2024-11-08T23:33:06","guid":{"rendered":"https:\/\/miram2025.web.ua.pt\/?page_id=391"},"modified":"2024-12-10T18:39:29","modified_gmt":"2024-12-10T18:39:29","slug":"contactos-e-localizacao-contacts-and-location","status":"publish","type":"page","link":"https:\/\/miram2025.web.ua.pt\/?page_id=391","title":{"rendered":"Localiza\u00e7\u00e3o \/  Venue"},"content":{"rendered":"\n<p><strong>Universidade de Aveiro \/ Edif\u00edcio da Reitoria<\/strong><\/p>\n\n\n\n<p> <\/p>\n\n\n\n<p>Edif\u00edcio Central e da Reitoria \/ Central building and Rectorate<br>Campus Universit\u00e1rio de Santiago<br>Edif\u00edcio 25, 3810-193, Aveiro, Portugal<\/p>\n\n\n<p><iframe loading=\"lazy\" style=\"border: 0;\" src=\"https:\/\/www.google.com\/maps\/embed?pb=!1m18!1m12!1m3!1d1596.7621987317557!2d-8.659833101605233!3d40.63133209999999!2m3!1f0!2f0!3f0!3m2!1i1024!2i768!4f13.1!3m3!1m2!1s0xd23a2ab00bfffff%3A0x67764ab06c26f19a!2sEdif%C3%ADcio%20Central%20e%20da%20Reitoria!5e1!3m2!1sen!2spt!4v1733848853946!5m2!1sen!2spt\" width=\"600\" height=\"450\" allowfullscreen=\"allowfullscreen\"><\/iframe><\/p>\n\n\n<p><strong>Escola Superior de Sa\u00fade da Universidade de Aveiro \/ <em>School of Health Sciences, Aveiro\u00a0University<\/em><\/strong><\/p>\n\n\n\n<p>Agras do Crasto &#8211; Campus Universit\u00e1rio&nbsp;de Santiago<br>Edificio 30, 3810-193 Aveiro, Portugal Tel:234 401 558<\/p>\n\n\n<p><iframe loading=\"lazy\" style=\"border: 0;\" src=\"https:\/\/www.google.com\/maps\/embed?pb=!1m18!1m12!1m3!1d3193.8970703810887!2d-8.660064723797397!3d40.62353917140718!2m3!1f0!2f0!3f0!3m2!1i1024!2i768!4f13.1!3m3!1m2!1s0xd23980089f4e7cd%3A0xa4dce03bcf05e837!2sAveiro%20School%20of%20Health%20Sciences!5e1!3m2!1sen!2spt!4v1733851222813!5m2!1sen!2spt\" width=\"600\" height=\"450\" allowfullscreen=\"allowfullscreen\"><\/iframe><\/p>\n\n\n<hr class=\"wp-block-separator has-alpha-channel-opacity\"\/>\n\n\n\n<p class=\"has-large-font-size\"><strong>Alojamento \/ Accommodation<\/strong><\/p>\n\n\n\n<p class=\"has-text-align-center\"><a href=\"https:\/\/www.hotelaveiropalace.com\/\">Hotel Palace Aveiro<\/a><\/p>\n\n\n\n<p class=\"has-text-align-center\"><img loading=\"lazy\" decoding=\"async\" width=\"450\" height=\"247\" class=\"wp-image-1030\" style=\"width: 450px;\" src=\"https:\/\/miram2025.web.ua.pt\/wp-content\/uploads\/2024\/11\/hotelpalace-2.png\" alt=\"\" srcset=\"https:\/\/miram2025.web.ua.pt\/wp-content\/uploads\/2024\/11\/hotelpalace-2.png 1210w, https:\/\/miram2025.web.ua.pt\/wp-content\/uploads\/2024\/11\/hotelpalace-2-300x164.png 300w, https:\/\/miram2025.web.ua.pt\/wp-content\/uploads\/2024\/11\/hotelpalace-2-1024x561.png 1024w, https:\/\/miram2025.web.ua.pt\/wp-content\/uploads\/2024\/11\/hotelpalace-2-768x421.png 768w\" sizes=\"(max-width: 450px) 100vw, 450px\" \/><\/p>\n\n\n\n<p class=\"has-text-align-center\"><a href=\"https:\/\/www.hotelmoliceiro.pt\/\">Hotel Moliceiro<\/a><\/p>\n\n\n\n<p class=\"has-text-align-center\"><img decoding=\"async\" class=\"wp-image-1054\" style=\"width: 450px;\" src=\"https:\/\/miram2025.web.ua.pt\/wp-content\/uploads\/2024\/11\/moliceiro.png\" alt=\"\"><\/p>\n\n\n\n<p class=\"has-text-align-center\"><a href=\"https:\/\/www.melia.com\/pt\/hoteis\/portugal\/aveiro\/melia-ria\">Hotel Meli\u00e1 Aveiro<\/a><\/p>\n\n\n\n<p class=\"has-text-align-center\"><img loading=\"lazy\" decoding=\"async\" width=\"450\" height=\"364\" class=\"wp-image-1003\" style=\"width: 450px;\" src=\"https:\/\/miram2025.web.ua.pt\/wp-content\/uploads\/2024\/11\/Melia.png\" alt=\"\" srcset=\"https:\/\/miram2025.web.ua.pt\/wp-content\/uploads\/2024\/11\/Melia.png 891w, https:\/\/miram2025.web.ua.pt\/wp-content\/uploads\/2024\/11\/Melia-300x242.png 300w, https:\/\/miram2025.web.ua.pt\/wp-content\/uploads\/2024\/11\/Melia-768x621.png 768w\" sizes=\"(max-width: 450px) 100vw, 450px\" \/><\/p>\n\n\n\n<p class=\"has-text-align-center\"><a href=\"https:\/\/www.venezahotel.pt\/?gclid=Cj0KCQiAgJa6BhCOARIsAMiL7V8t4x063D1k4cevhDJfEB05kfPzgOeQGWS2QnSvY-60QAPF4JAVmj4aAtBEEALw_wcB\">Veneza Hotel Aveiro<\/a><\/p>\n\n\n\n<p class=\"has-text-align-center\"><img decoding=\"async\" class=\"wp-image-1075\" style=\"width: 450px;\" src=\"https:\/\/miram2025.web.ua.pt\/wp-content\/uploads\/2024\/11\/veneza-1.png\" alt=\"\"><\/p>\n\n\n\n<p><\/p>\n","protected":false},"excerpt":{"rendered":"<p>Universidade de Aveiro \/ Edif\u00edcio da Reitoria Edif\u00edcio Central e da Reitoria \/ Central building and RectorateCampus Universit\u00e1rio de SantiagoEdif\u00edcio 25, 3810-193, Aveiro, Portugal Escola Superior de Sa\u00fade da Universidade de Aveiro \/ School of Health Sciences, Aveiro\u00a0University Agras do Crasto &#8211; Campus Universit\u00e1rio&nbsp;de SantiagoEdificio 30, 3810-193 Aveiro, Portugal Tel:234 401 558 Alojamento \/ Accommodation &hellip; <\/p>\n","protected":false},"author":1,"featured_media":0,"parent":0,"menu_order":0,"comment_status":"closed","ping_status":"closed","template":"","meta":{"footnotes":""},"class_list":["post-391","page","type-page","status-publish","hentry"],"amp_enabled":true,"_links":{"self":[{"href":"https:\/\/miram2025.web.ua.pt\/index.php?rest_route=\/wp\/v2\/pages\/391"}],"collection":[{"href":"https:\/\/miram2025.web.ua.pt\/index.php?rest_route=\/wp\/v2\/pages"}],"about":[{"href":"https:\/\/miram2025.web.ua.pt\/index.php?rest_route=\/wp\/v2\/types\/page"}],"author":[{"embeddable":true,"href":"https:\/\/miram2025.web.ua.pt\/index.php?rest_route=\/wp\/v2\/users\/1"}],"replies":[{"embeddable":true,"href":"https:\/\/miram2025.web.ua.pt\/index.php?rest_route=%2Fwp%2Fv2%2Fcomments&post=391"}],"version-history":[{"count":30,"href":"https:\/\/miram2025.web.ua.pt\/index.php?rest_route=\/wp\/v2\/pages\/391\/revisions"}],"predecessor-version":[{"id":1971,"href":"https:\/\/miram2025.web.ua.pt\/index.php?rest_route=\/wp\/v2\/pages\/391\/revisions\/1971"}],"wp:attachment":[{"href":"https:\/\/miram2025.web.ua.pt\/index.php?rest_route=%2Fwp%2Fv2%2Fmedia&parent=391"}],"curies":[{"name":"wp","href":"https:\/\/api.w.org\/{rel}","templated":true}]}}